of 115941719?
1693, 68483
List the prime factors of 5847396701.
29, 1033, 195193
List the prime factors of 949661451.
3, 105517939
What are the prime factors of 4894564438?
2, 431, 5678149
List the prime factors of 750912175.
5, 13, 59, 39161
List the prime factors of 72918303.
3, 23, 607, 1741
What are the prime factors of 85125285?
3, 5, 7, 270239
List the prime factors of 1741583008.
2, 11, 97, 4637
What are the prime factors of 881085345?
3, 5, 7, 8391289
List the prime factors of 81864292.
2, 173, 281, 421
List the prime factors of 136771817.
7, 13, 17, 88411
List the prime factors of 47707303.
7, 47, 145007
What are the prime factors of 12676109?
12676109
What are the prime factors of 20864105?
5, 23, 419, 433
What are the prime factors of 1565979712?
2, 11, 37, 79, 761
List the prime factors of 41423681.
13, 3186437
What are the prime factors of 1441281966?
2, 3, 71, 3383291
List the prime factors of 109857661.
71, 191, 8101
List the prime factors of 24996358.
2, 17, 735187
What are the prime factors of 549236840?
2, 5, 1123, 12227
List the prime factors of 17816294.
2, 8908147
What are the prime factors of 113030153?
37, 41, 74509
What are the prime factors of 35471468?
2, 167, 53101
List the prime factors of 931544430.
2, 3, 5, 53, 585877
What are the prime factors of 36044?
2, 9011
List the prime factors of 1738877984.
2, 5779, 9403
List the prime factors of 3634855298.
2, 149, 12197501
List the prime factors of 2212412374.
2, 89, 12429283
What are the prime factors of 294539348?
2, 17, 337, 12853
What are the prime factors of 1139176387?
37, 832123
List the prime factors of 268207222.
2, 134103611
List the prime factors of 502033893.
3, 269, 397, 1567
List the prime factors of 89041969.
73, 1219753
List the prime factors of 3106299239.
223, 2927, 4759
List the prime factors of 5125233981.
3, 7, 83, 107, 27481
What are the prime factors of 3570145129?
17, 210008537
List the prime factors of 434333853.
3, 16086439
List the prime factors of 30537671.
30537671
What are the prime factors of 1982111244?
2, 3, 165175937
What are the prime factors of 101173909?
109, 631, 1471
What are the prime factors of 2352847034?
2, 673, 1748029
List the prime factors of 18805435.
5, 11, 37, 9241
List the prime factors of 312056400.
2, 3, 5, 260047
List the prime factors of 214931116.
2, 19, 157, 18013
List the prime factors of 133950750.
2, 3, 5, 178601
What are the prime factors of 29995270?
2, 5, 199, 15073
What are the prime factors of 49949120?
2, 5, 13, 12007
What are the prime factors of 20882255?
5, 101, 41351
List the prime factors of 1112626225.
5, 19, 41, 57131
What are the prime factors of 78606542?
2, 7, 331, 16963
What are the prime factors of 54072053?
7, 17, 454387
List the prime factors of 3754809230.
2, 5, 375480923
What are the prime factors of 152274872?
2, 101, 188459
What are the prime factors of 24705702?
2, 3, 7, 9337
What are the prime factors of 776039182?
2, 23, 31, 373, 1459
List the prime factors of 67444753.
67444753
What are the prime factors of 582362599?
7, 13, 23, 39749
What are the prime factors of 73358924?
2, 19, 965249
List the prime factors of 1426941861.
3, 475647287
What are the prime factors of 185143343?
7, 11, 2404459
What are the prime factors of 178157256?
2, 3, 43, 172633
List the prime factors of 556256309.
7, 263, 467, 647
List the prime factors of 77345472.
2, 3, 97, 4153
List the prime factors of 379719640.
2, 5, 9492991
What are the prime factors of 609779252?
2, 179, 851647
List the prime factors of 25689011.
109, 235679
List the prime factors of 586731181.
191, 1523, 2017
List the prime factors of 121753835.
5, 7, 23, 151247
List the prime factors of 354119556.
2, 3, 7, 1021, 4129
List the prime factors of 228318304.
2, 43, 73, 2273
List the prime factors of 10133651.
11, 921241
What are the prime factors of 66111452?
2, 11, 37, 40609
List the prime factors of 3607526873.
3607526873
What are the prime factors of 994277628?
2, 3, 27618823
What are the prime factors of 416615537?
13, 23, 29, 2089
List the prime factors of 37897356.
2, 3, 7, 451159
What are the prime factors of 52339566?
2, 3, 17, 19, 113, 239
What are the prime factors of 3845426271?
3, 83, 281, 54959
What are the prime factors of 68613111?
3, 7, 53, 20549
What are the prime factors of 211450340?
2, 5, 73, 144829
List the prime factors of 715911820.
2, 5, 13, 17, 161971
What are the prime factors of 104361560?
2, 5, 59, 44221
List the prime factors of 114195770.
2, 5, 13, 613, 1433
What are the prime factors of 261548574?
2, 3, 7, 131, 6791
What are the prime factors of 5207135?
5, 1041427
List the prime factors of 772453096.
2, 96556637
What are the prime factors of 1373315835?
3, 5, 89, 367, 2803
What are the prime factors of 986162436?
2, 3, 7, 559049
What are the prime factors of 73670357?
23, 3203059
What are the prime factors of 3157506530?
2, 5, 47, 6718099
List the prime factors of 7725430.
2, 5, 137, 5639
List the prime factors of 716555607.
3, 19, 31, 405521
List the prime factors of 24721891.
29, 733, 1163
What are the prime factors of 1467730159?
7, 281, 746177
List the prime factors of 1631955338.
2, 13, 29, 47, 46051
What are the prime factors of 117296373?
3, 113, 179, 1933
List the prime factors of 507236044.
2, 7, 2587939
List the prime factors of 32770228.
2, 8192557
What are the prime factors of 33842656?
2, 181, 5843
List the prime factors of 464129738.
2, 232064869
List the prime factors of 261319614.
2, 3, 17, 59, 173, 251
What are the prime factors of 116435082?
2, 3, 2389, 8123
List the prime factors of 984508366.
2, 139, 3541397
List the prime factors of 82675088.
2, 179, 28867
List the prime factors of 277543636.
2, 69385909
List the prime factors of 389987076.
2, 3, 443, 73361
What are the prime factors of 210285208?
2, 7, 37, 101489
What are the prime factors of 1303851160?
2, 5, 43, 758053
What are the prime factors of 385939307?
13, 293, 101323
List the prime factors of 654418295.
5, 53, 1531, 1613
List the prime factors of 171966684.
2, 3, 73, 109, 1801
What are the prime factors of 72830637?
3, 11, 41, 5981
What are the prime factors of 273380231?
23, 103, 115399
What are the prime factors of 3560894502?
2, 3, 11, 1627, 33161
What are the prime factors of 1169468317?
67, 2969, 5879
List the prime factors of 861614768.
2, 7, 593, 12973
List the prime factors of 231938317.
13, 29, 149, 4129
What are the prime factors of 369294420?
2, 3, 5, 11, 50867
What are the prime factors of 125029876?
2, 31257469
What are the prime factors of 14263000?
2, 5, 17, 839
What are the prime factors of 23658833?
11, 71, 30293
List the prime factors of 73970075.
5, 2958803
What are the prime factors of 6343196678?
2, 7, 13, 2909, 11981
List the prime factors of 570164830.
2, 5, 109, 691, 757
List the prime factors of 4903188548.
2, 21961, 55817
What are the prime factors of 853573035?
3, 5, 7, 8129267
List the prime factors of 5725543442.
2, 2862771721
List the prime factors of 320279631.
3, 7, 31, 67, 1049
What are the prime factors of 2757635860?
2, 5, 7, 701, 28099
What are the prime factors of 568504664?
2, 7, 13, 15937
What are the prime factors of 34401542?
2, 7, 41, 73, 821
List the prime factors of 437945472.
2, 3, 29, 13109
What are the prime factors of 203102131?
59, 3442409
What are the prime factors of 360366238?
2, 17, 29, 21499
What are the prime factors of 154640440?
2, 5, 3866011
What are the prime factors of 4617332538?
2, 3, 7, 13, 19, 445087
What are the prime factors of 641060294?
2, 7, 83, 701, 787
What are the prime factors of 168701961?
3, 29, 1939103
What are the prime factors of 112171532?
2, 11, 53, 103, 467
List the prime factors of 64897270.
2, 5, 211, 30757
What are the prime factors of 497968895?
5, 99593779
What are the prime factors of 178144289?
53, 79, 157, 271
What are the prime factors of 50533453?
37, 443, 3083
What are the prime factors of 731580182?
2, 23, 3253, 4889
List the prime factors of 19408988.
2, 4852247
List the prime factors of 1754767668.
2, 3, 1471, 99409
What are the prime factors of 273500445?
3, 5, 31, 588173
List the prime factors of 113279696.
2, 7079981
List the prime factors of 2793750904.
2, 7, 601, 83009
What are the prime factors of 187547780?
2, 5, 7, 1339627